{"id":42,"date":"2016-03-13T00:18:29","date_gmt":"2016-03-12T23:18:29","guid":{"rendered":"http:\/\/dipaolas-gangelbrunnen.de\/?page_id=42"},"modified":"2019-02-01T21:56:01","modified_gmt":"2019-02-01T20:56:01","slug":"impressum","status":"publish","type":"page","link":"http:\/\/dipaolas-gangelbrunnen.de\/wordpress\/impressum\/","title":{"rendered":"Impressum"},"content":{"rendered":"<h1>Impressum<\/h1>\n<p><strong>Di Paola&#8217;s Zum Gangelbrunnen<\/strong><br \/>\nRestaurant &#8211; Bistro<br \/>\nNaherholungsanlage<br \/>\nAm Ommersheimer Weiher<br \/>\n66399 Mandelbachtal-Ommersheim<\/p>\n<p>Inhaber: Antonio DI PAOLA<\/p>\n<p>Tel. 0 68 03 \/ 30 03<\/p>\n<p>Internet: <a href=\"http:\/\/www.dipaolas-gangelbrunnen.de\">www.dipaolas-gangelbrunnen.de<\/a><br \/>\ne-mail: <a href=\"mailto:info@dipaolas-gangelbrunnen.de\" target=\"_blank\">info@dipaolas-gangelbrunnen.de<\/a><\/p>\n<p>St.Nr.: 085\/296\/00268<\/p>\n<h3>Haftungshinweis:<\/h3>\n<p>Trotz sorgf\u00e4ltiger inhaltlicher Kontrolle \u00fcbernehmen wir keine Haftung f\u00fcr die Inhalte externer Links.\u00a0F\u00fcr den Inhalt der verlinkten Seiten sind ausschlie\u00dflich deren Betreiber verantwortlich.<\/p>\n<h3>Bilder<\/h3>\n<p><a href=\"http:\/\/www.colinsaks.de\/\" target=\"_blank\">Colin Saks<\/a><\/p>\n<h3>Urheberrecht:<\/h3>\n<p>Der Inhalt dieser Website ist urheberrechtlich gesch\u00fctzt. Eine Verwendung oder Vervielf\u00e4ltigung der hier ver\u00f6ffentlichten Inhalte und Grafiken ist nur mit ausdr\u00fccklicher schriftlicher Genehmigung gestattet.<\/p>\n<h3>weitere Urheberrechtshinweise<\/h3>\n<p>Texte, Bilder, Grafiken sowie Layout dieser Seiten unterliegen weltweitem Urheberrecht. Unerlaubte Verwendung, Reproduktion oder Weitergabe einzelner Inhalte oder kompletter Seiten werden sowohl straf- als auch zivilrechtlich verfolgt.<br \/>\nDabei sind allein nach deutschem Zivilrecht Unterlassung und Schadenersatz, \u00dcberlassung oder Vernichtung der Vervielf\u00e4ltigungsvorrichtungen sowie die \u00f6ffentliche Bekanntmachung des Urteils m\u00f6glich.<\/p>\n<h3>Verweise und Links<\/h3>\n<p>Unser Angebot kann auch Links und Verweise zu Internangeboten Dritter enthalten. Wir m\u00f6chten Sie darauf hinweisen, dass wir keinen Einfluss auf deren Inhalte haben und demnach auch keine Gew\u00e4hr daf\u00fcr \u00fcbernehmen k\u00f6nnen. Allein der Drittanbieter ist f\u00fcr seine Internetseiten verantwortlich. Wir haben jedoch zum Zeitpunkt der Verlinkung bzw. des Verweises die Internetseiten Dritter auf m\u00f6gliche offensichtliche Rechtsverst\u00f6\u00dfe gepr\u00fcft und keine solche feststellen k\u00f6nnen. Da eine laufende \u00dcberpr\u00fcfung verlinkter Internetseiten nicht m\u00f6glich und auch nicht zumutbar ist, k\u00f6nnen wir lediglich bei konkreten Anhaltspunkten reagieren. Sobald uns ein Rechtsversto\u00df bekannt wird, werden wir derartige Links bzw. Verweise umgehend entfernen.<\/p>\n<h3>Eigene Inhalte<\/h3>\n<p>Wir sind als Diensteanbieter f\u00fcr unsere eigenen Inhalte verantwortlich. Wir haben diese mit gr\u00f6\u00dfter Sorgfalt erstellt, k\u00f6nnen jedoch f\u00fcr Vollst\u00e4ndigkeit und Aktualit\u00e4t keine Gew\u00e4hr \u00fcbernehmen. Es besteht keine Verpflichtung, \u00fcbermittelte oder gespeicherte fremde Informationen zu \u00fcberwachen oder nach Umst\u00e4nden zu forschen, die auf eine rechtswidrige T\u00e4tigkeit hinweisen. Verpflichtungen zur Entfernung oder Sperrung der Nutzung von Informationen nach den allgemeinen Gesetzen bleiben hiervon unber\u00fchrt. Eine diesbez\u00fcgliche Haftung ist jedoch erst ab dem Zeitpunkt der Kenntnis einer konkreten Rechtsverletzung m\u00f6glich. Bei bekannt werden von entsprechenden Rechtsverletzungen werden wir diese Inhalte umgehend entfernen.<\/p>\n<h3>Unverlangte Zusendung von Werbung<\/h3>\n<p>Die von uns im Rahmen der Impressumspflicht ver\u00f6ffentlichten Daten stellen keine konkludente Zustimmung zur Zusendung bzw. \u00dcbermittlung von Werbema\u00dfnahmen dar. Wir bitten ausdr\u00fccklich von der Zusendung unverlangter Werbung abzusehen und behalten uns bei Zuwiderhandlung eine Rechtsverfolgung vor.<\/p>\n<h3>Datenschutzerkl\u00e4rung<\/h3>\n<p>Wir freuen uns \u00fcber Ihr Interesse an unserer Homepage und unserem Unternehmen. F\u00fcr externe Links zu fremden Inhalten k\u00f6nnen wir dabei trotz sorgf\u00e4ltiger inhaltlicher Kontrolle keine Haftung \u00fcbernehmen.<\/p>\n<p>Der Schutz Ihrer personenbezogenen Daten bei der Erhebung, Verarbeitung und Nutzung anl\u00e4sslich Ihres Besuchs auf unserer Homepage ist uns ein wichtiges Anliegen. Ihre Daten werden im Rahmen der gesetzlichen Vorschriften gesch\u00fctzt. Nachfolgend finden Sie Informationen, welche Daten w\u00e4hrend Ihres Besuchs auf der Homepage erfasst und wie diese genutzt werden:<\/p>\n<h4><strong>1. Erhebung und Verarbeitung von Daten<\/strong><\/h4>\n<p>Jeder Zugriff auf unsere Homepage und jeder Abruf einer auf der Homepage hinterlegten Datei werden protokolliert. Die Speicherung dient internen systembezogenen und statistischen Zwecken. Protokolliert werden: Name der abgerufenen Datei, Datum und Uhrzeit des Abrufs, \u00fcbertragene Datenmenge, Meldung \u00fcber erfolgreichen Abruf, Webbrowser und anfragende Domain.<br \/>\nZus\u00e4tzlich werden die IP-Adressen der anfragenden Rechner protokolliert.<br \/>\nWeitergehende personenbezogene Daten werden nur erfasst, wenn Sie diese Angaben freiwillig, etwa im Rahmen einer Anfrage oder Registrierung, machen.<\/p>\n<h4><strong>2. Nutzung und Weitergabe personenbezogener Daten<\/strong><\/h4>\n<p>Soweit Sie uns personenbezogene Daten zur Verf\u00fcgung gestellt haben, verwenden wir diese nur zur Beantwortung Ihrer Anfragen, zur Abwicklung mit Ihnen geschlossener Vertr\u00e4ge und f\u00fcr die technische Administration.<br \/>\nIhre personenbezogenen Daten werden an Dritte nur weitergegeben oder sonst \u00fcbermittelt, wenn dies zum Zwecke der Vertragsabwicklung \u2013 insbesondere Weitergabe von Bestelldaten an Lieferanten \u2013 erforderlich ist, dies zu Abrechnungszwecken erforderlich ist oder Sie zuvor eingewilligt haben. Sie haben das Recht, eine erteilte Einwilligung mit Wirkung f\u00fcr die Zukunft jederzeit zu widerrufen.<br \/>\nDie L\u00f6schung der gespeicherten personenbezogenen Daten erfolgt, wenn Sie Ihre Einwilligung zur Speicherung widerrufen, wenn ihre Kenntnis zur Erf\u00fcllung des mit der Speicherung verfolgten Zwecks nicht mehr erforderlich ist oder wenn ihre Speicherung aus sonstigen gesetzlichen Gr\u00fcnden unzul\u00e4ssig ist.<\/p>\n<h4><strong>3. Auskunftsrecht<\/strong><\/h4>\n<p>Auf schriftliche Anfrage werden wir Sie gern \u00fcber die zu Ihrer Person gespeicherten Daten informieren.<br \/>\nSicherheitshinweis: Wir sind bem\u00fcht, Ihre personenbezogenen Daten durch Ergreifung aller technischen und organisatorischen M\u00f6glichkeiten so zu speichern, dass sie f\u00fcr Dritte nicht zug\u00e4nglich sind. Bei der Kommunikation per E Mail kann die vollst\u00e4ndige Datensicherheit von uns nicht gew\u00e4hrleistet werden, so dass wir Ihnen bei vertraulichen Informationen den Postweg empfehlen.<\/p>\n","protected":false},"excerpt":{"rendered":"<p>Impressum Di Paola&#8217;s Zum Gangelbrunnen Restaurant &#8211; Bistro Naherholungsanlage Am Ommersheimer Weiher 66399 Mandelbachtal-Ommersheim Inhaber: Antonio DI PAOLA Tel. 0 68 03 \/ 30 03 Internet: www.dipaolas-gangelbrunnen.de e-mail: info@dipaolas-gangelbrunnen.de St.Nr.: 085\/296\/00268 Haftungshinweis: Trotz sorgf\u00e4ltiger inhaltlicher Kontrolle \u00fcbernehmen wir keine Haftung f\u00fcr die Inhalte externer Links.\u00a0F\u00fcr den Inhalt der verlinkten Seiten sind ausschlie\u00dflich deren Betreiber verantwortlich. [&hellip;]<\/p>\n","protected":false},"author":1,"featured_media":0,"parent":0,"menu_order":0,"comment_status":"closed","ping_status":"closed","template":"","meta":[],"_links":{"self":[{"href":"http:\/\/dipaolas-gangelbrunnen.de\/wordpress\/wp-json\/wp\/v2\/pages\/42"}],"collection":[{"href":"http:\/\/dipaolas-gangelbrunnen.de\/wordpress\/wp-json\/wp\/v2\/pages"}],"about":[{"href":"http:\/\/dipaolas-gangelbrunnen.de\/wordpress\/wp-json\/wp\/v2\/types\/page"}],"author":[{"embeddable":true,"href":"http:\/\/dipaolas-gangelbrunnen.de\/wordpress\/wp-json\/wp\/v2\/users\/1"}],"replies":[{"embeddable":true,"href":"http:\/\/dipaolas-gangelbrunnen.de\/wordpress\/wp-json\/wp\/v2\/comments?post=42"}],"version-history":[{"count":10,"href":"http:\/\/dipaolas-gangelbrunnen.de\/wordpress\/wp-json\/wp\/v2\/pages\/42\/revisions"}],"predecessor-version":[{"id":351,"href":"http:\/\/dipaolas-gangelbrunnen.de\/wordpress\/wp-json\/wp\/v2\/pages\/42\/revisions\/351"}],"wp:attachment":[{"href":"http:\/\/dipaolas-gangelbrunnen.de\/wordpress\/wp-json\/wp\/v2\/media?parent=42"}],"curies":[{"name":"wp","href":"https:\/\/api.w.org\/{rel}","templated":true}]}}